 2, what is 1 - 1011101111?
-1011101110
In base 10, what is 432 + -23?
409
In base 2, what is -100111011110 - 1?
-100111011111
In base 10, what is 2 + 504?
506
In base 12, what is -69 - -b?
-5a
In base 14, what is 4237 - -3?
423a
In base 4, what is 113 + -12?
101
In base 5, what is 0 - 1340?
-1340
In base 12, what is 2 + 193?
195
In base 10, what is -3 - 2251?
-2254
In base 4, what is 1 + -220?
-213
In base 3, what is 21122 + 222?
22121
In base 16, what is -37 + -c?
-43
In base 12, what is 6 + 712?
718
In base 2, what is 1 - 1101111?
-1101110
In base 5, what is 100 - -2?
102
In base 2, what is 10001100 - -101?
10010001
In base 4, what is -11 + -12333?
-13010
In base 4, what is 3021 - -20?
3101
In base 2, what is 1001100 + 110?
1010010
In base 4, what is 1 - 21?
-20
In base 8, what is 3 - 3070?
-3065
In base 14, what is -2 + -3?
-5
In base 13, what is 220 + -2?
21b
In base 11, what is 8639 + 3?
8641
In base 13, what is 3 - -28?
2b
In base 13, what is -18 - 66?
-81
In base 2, what is 101 - -100101111?
100110100
In base 6, what is 0 + 1143?
1143
In base 8, what is -2 + -174?
-176
In base 11, what is 68 - -18?
85
In base 11, what is 3 + 766?
769
In base 4, what is -210 + 11?
-133
In base 13, what is 31 - 23?
b
In base 6, what is -1034 + 5?
-1025
In base 14, what is 2 + 23a?
23c
In base 9, what is 1560 + -3?
1556
In base 14, what is -d - 3?
-12
In base 6, what is -5 + 555?
550
In base 5, what is 2 + 12322?
12324
In base 4, what is 1 + 1020133?
1020200
In base 2, what is -1 - 110001?
-110010
In base 11, what is 150 + -5?
146
In base 8, what is -243 - 1?
-244
In base 16, what is -15 - 5?
-1a
In base 15, what is -13b - 3?
-13e
In base 11, what is -6841 + -2?
-6843
In base 4, what is 1033 - -11?
1110
In base 7, what is 1 - -651?
652
In base 16, what is -3 - 45?
-48
In base 16, what is -5d + 2?
-5b
In base 8, what is -44 - -42?
-2
In base 15, what is 2 + -3e?
-3c
In base 14, what is 1085 + 7?
108c
In base 2, what is 1110100 + -11?
1110001
In base 10, what is -622 - 8?
-630
In base 5, what is -12 + 13?
1
In base 4, what is -10 - -1322?
1312
In base 9, what is -5 - -347?
342
In base 8, what is -3 + 311?
306
In base 14, what is -19 + -15?
-30
In base 5, what is -12 + 322?
310
In base 8, what is -4 - -1265?
1261
In base 6, what is -1442 + -3?
-1445
In base 7, what is -2 + -1241?
-1243
In base 4, what is 10 - 1023?
-1013
In base 4, what is -10 + -1132?
-1202
In base 11, what is -8698 + -5?
-86a2
In base 10, what is -11113 + -3?
-11116
In base 14, what is -4 - 38a?
-390
In base 7, what is 464 + -45?
416
In base 13, what is 4b - 1?
4a
In base 10, what is 1 + -88?
-87
In base 5, what is 4 + 2324?
2333
In base 14, what is -8c + 5?
-87
In base 12, what is 81 - 5?
78
In base 4, what is 2303 + 1?
2310
In base 15, what is 91 + 10?
a1
In base 14, what is -2 + 1?
-1
In base 9, what is -17 - -122?
104
In base 7, what is -2 - -31?
26
In base 5, what is 10 - -13?
23
In base 10, what is -6 + -91?
-97
In base 2, what is 11100 - 0?
11100
In base 3, what is -10 + -12111?
-12121
In base 10, what is 433 - -7?
440
In base 15, what is 853 + 1?
854
In base 8, what is 36 - 27?
7
In base 2, what is 0 + 101000101000?
101000101000
In base 3, what is 0 - -12020011?
12020011
In base 9, what is 34 + 68?
113
In base 11, what is 3 + 97?
9a
In base 11, what is -9 - 22?
-30
In base 10, what is -4 - 14?
-18
In base 13, what is 2b4c + 3?
2b52
In base 10, what is -3 - -877?
874
In base 5, what is 222 - 2?
220
In base 11, what is -21 + -87?
-a8
In base 8, what is 66 + -3?
63
In base 16, what is -5 + -44?
-49
In base 5, what is -240 - -101?
-134
In base 2, what is -1 + -10110?
-10111
In base 16, what is -2 - -25?
23
In base 16, what is -2fe + -5?
-303
In base 12, what is 7b - -3?
82
In base 12, what is -2 + -22?
-24
In base 7, what is -4 - 6?
-13
In base 15, what is -35a + 1?
-359
In base 9, what is -4 + 227?
223
In base 16, what is -1 + 22?
21
In base 14, what is 35 - 1?
34
In base 13, what is 52 + -2?
50
In base 9, what is 1707 + 16?
1724
In base 16, what is -b + -192?
-19d
In base 7, what is 4 - 24?
-20
In base 12, what is -7 + -3?
-a
In base 15, what is -20 + -3?
-23
In base 12, what is 5 + -2a?
-25
In base 5, what is 3 - 33100?
-33042
In base 11, what is 5 - 175?
-170
In base 16, what is -282 - 4?
-286
In base 5, what is 30 - 112?
-32
In base 11, what is 2 + -101?
-aa
In base 5, what is 10 + 342?
402
In base 7, what is -266 + -5?
-304
In base 16, what is -1 - 86?
-87
In base 15, what is 71 - b?
65
In base 2, what is -100 - -11111111110?
11111111010
In base 16, what is -2e + 21?
-d
In base 5, what is 13 + -34?
-21
In base 9, what is 15 + -18?
-3
In base 13, what is -279 - 3?
-27c
In base 16, what is a5 + -4?
a1
In base 14, what is -1 + -2?
-3
In base 5, what is -3403 - 2?
-3410
In base 15, what is 1a - -4?
1e
In base 15, what is -104 + 5?
-ee
In base 14, what is -588 + -3?
-58b
In base 16, what is -6e + 0?
-6e
In base 11, what is -92 + -2?
-94
In base 2, what is -1 - 1001010?
-1001011
In base 2, what is 1000001 - -1010?
1001011
In base 15, what is e6b + -2?
e69
In base 3, what is 100 + 20?
120
In base 15, what is -9b - -3?
-98
In base 4, what is 0 + -10023?
-10023
In base 9, what is 5 - -2084?
2100
In base 13, what is 1 - a6?
-a5
In base 8, what is 50 - 43?
5
In base 14, what is -22a - 4?
-230
In base 14, what is 4 - -40?
44
In base 7, what is -41 - -1?
-40
In base 6, what is -10 - 3114?
-3124
In base 11, what is 5094 - -5?
5099
In base 7, what is -14166 + -3?
-14202
In base 12, what is 63 - 49?
16
In base 11, what is 0 - -5?
5
In base 14, what is 9 + -10?
-5
In base 4, what is 2313 - 102?
2211
In base 9, what is -13 - -2?
-11
In base 7, what is 466 + 5?
504
In base 13, what is 1239 + 2?
123b
In base 8, what is -3 + -67?
-72
In base 9, what is 5 + 417?
423
In base 11, what is 2 + 5838?
583a
In base 15, what is -3 - 202?
-205
In base 11, what is 12402 + -5?
123a8
In base 14, what is 12d - -19?
148
In base 9, what is -22 + 27?
5
In base 8, what is 2 - -356?
360
In base 13, what is 128 + -2?
126
In base 16, what is -d6 - 4?
-da
In base 11, what is -9a - -5?
-95
In base 13, what is 3134 - 2?
3132
In base 7, what is -4 - -4?
0
In base 16, what is -ad + -6?
-b3
In base 14, what is -2b + 1b?
-10
In base 4, what is 110032 - 1?
110031
In base 10, what is 219 - -3?
222
In base 7, what is 4 + -151?
-144
In base 9, what is 13 - -473?
486
In base 4, what is 1021 + 1?
1022
In base 7, what is 515 - 2?
513
In base 3, what is 10 + 1002022?
1002102
In base 4, what is 2 + -31021?
-31013
In base 9, what is 1 + -51?
-50
In base 2, what is -1110 + -101?
-10011
In base 14, what is 0 - -22?
22
In base 10, what is 21 - -6?
27
In base 16, what is 4 + -3f5?
-3f1
In base 14, what is 387 - -5?
38c
In base 11, what is 3 - 1?
2
In base 8, what is -67 + -205?
-274
In base 3, what is 1120 + -2000?
-110
In base 5, what is 1401031 - -1?
1401032
In base 14, what is 2 - -418?
41a
In base 9, what is 62 - 2?
60
In base 16, what is 23 + -7?
1c
In base 12, what is 864 - 12?
852
In base 5, what is 40 - -1042?
1132
In base 14, what is 1a - -2?
1c
In base 3, what is -1001121 + 11?
-1001110
In base 16, what is -3 + 6?
3
In base 7, what is 145 - 260?
-112
In base 15, what is 10 + 2?
12
In base 8, what is 157 + 27?
206
In base 7, what is 3256 + 4?
3263
In base 15, what is 0 + 19?
19
In base 16, what is -2 - -13?
11
In base 3, what is 120102 + 1?
120110
In base 9, what is 1 - 62?
-61
In base 2, what is -110 - -10011000011?
10010111101
In base 16, what is 15 + 0?
15
In base 8, what is 42 + 0?
42
In base 10, what is -14 + 749?
735
In base 10, what is 2 - -52?
54
In base 7, what is -4 - 22411?
-22415
In base 2, what is 1101000 - -11?
1101011
In base 11, what is 60 - 0?
60
In base 9, what is 51 - -143?
204
In base 2, what is 1010 - -101111?
111001
In base 2, what is -10011111000 - 10?
-10011111010
In base 3, what is 1 + -1212?
-1211
In base 2, what is -100000 - 1?
-100001
In base 13, what is 6b - 21?
4a
In base 14, what is 69 + -10?
59
In base 14, what is 5 - 6?
-1
In base 12, what is -49 - -3?
-46
In base 9, what is -15 + -3?
-18
In base 13, what is 17 + 7b?
95
In base 9, what is 6 - -278?
285
In base 3, what is 1200 + -12?
1111
In base 6, what is -251 + 2?
-245
In base 4, what is 0 - -23231?
23231
In base 15, what is 6 - -187b?
1882
In